{"id":3591,"date":"2023-09-30T19:00:16","date_gmt":"2023-09-30T19:00:16","guid":{"rendered":"https:\/\/lamatronagrafica.com\/gonzalezcolomer\/?page_id=3591"},"modified":"2023-10-03T10:49:18","modified_gmt":"2023-10-03T10:49:18","slug":"estetica-facial","status":"publish","type":"page","link":"https:\/\/lamatronagrafica.com\/gonzalezcolomer\/estetica-facial\/","title":{"rendered":"EST\u00c9TICA FACIAL"},"content":{"rendered":"<section class=\"wpb-content-wrapper\"><p>[vc_row full_width=&#8221;stretch_row_content&#8221; gap=&#8221;20&#8243; full_height=&#8221;yes&#8221; columns_placement=&#8221;bottom&#8221; content_placement=&#8221;bottom&#8221; video_background_type=&#8221;self&#8221; video_background_play_on_mobile=&#8221;true&#8221; css=&#8221;.vc_custom_1696103251255{margin-bottom: 0px !important;padding-bottom: 0px !important;background-color: #ffffff !important;background-position: center !important;background-repeat: no-repeat !important;background-size: cover !important;}&#8221; custom_css_code=&#8221;LmN1c3RvbS1kaXZpZGVyJTdCJTBBJTIwJTIwJTIwJTIwd2lkdGglM0ElMjAzOHB4JTNCJTBBJTdEJTBBJTQwbWVkaWElMjAlMjhtYXgtd2lkdGglM0ElMjAzMzBweCUyOSU3QiUwQSUyMCUyMCUyMCUyMC50aXRsZS14bGFyZ2UlMjAlN0IlMEElMjAlMjAlMjAlMjAlMjAlMjAlMjAlMjBmb250LXNpemUlM0ElMjAzNHB4JTNCJTBBJTIwJTIwJTIwJTIwJTdEJTBBJTdE&#8221; video_background_src=&#8221;https:\/\/lamatronagrafica.com\/gonzalezcolomer\/wp-content\/uploads\/2023\/09\/SaveInsta.App-2956106810469678660.mp4&#8243;][vc_column width=&#8221;1\/4&#8243; disable_custom_paddings_mobile=&#8221;true&#8221;][\/vc_column][vc_column width=&#8221;1\/2&#8243;][vc_custom_heading text=&#8221;GABINETE DE EST\u00c9TICA FACIAL&#8221; font_container=&#8221;tag:h2|font_size:28|text_align:center|color:%23ffffff|line_height:1&#8243; use_theme_fonts=&#8221;yes&#8221; css_animation=&#8221;fadeIn&#8221;][vc_column_text css_animation=&#8221;fadeInUp&#8221;]<\/p>\n<p style=\"text-align: center;\"><span style=\"color: #ffffff;\">Sigue navegado para ver los distintos tratamientos<\/span><\/p>\n<p>[\/vc_column_text][vc_icon icon_fontawesome=&#8221;fas fa-angle-down&#8221; color=&#8221;white&#8221; background_style=&#8221;rounded&#8221; background_color=&#8221;black&#8221; align=&#8221;center&#8221; css_animation=&#8221;fadeInDown&#8221;][\/vc_column][vc_column width=&#8221;1\/4&#8243;][\/vc_column][\/vc_row][vc_row full_width=&#8221;stretch_row&#8221; gap=&#8221;20&#8243; full_height=&#8221;yes&#8221; content_placement=&#8221;middle&#8221; css=&#8221;.vc_custom_1696102549051{margin-bottom: 0px !important;padding-bottom: 0px !important;background-color: #000000 !important;background-position: center !important;background-repeat: no-repeat !important;background-size: cover !important;}&#8221; custom_css_code=&#8221;LmN1c3RvbS1kaXZpZGVyJTdCJTBBJTIwJTIwJTIwJTIwd2lkdGglM0ElMjAzOHB4JTNCJTBBJTdEJTBBJTQwbWVkaWElMjAlMjhtYXgtd2lkdGglM0ElMjAzMzBweCUyOSU3QiUwQSUyMCUyMCUyMCUyMC50aXRsZS14bGFyZ2UlMjAlN0IlMEElMjAlMjAlMjAlMjAlMjAlMjAlMjAlMjBmb250LXNpemUlM0ElMjAzNHB4JTNCJTBBJTIwJTIwJTIwJTIwJTdEJTBBJTdE&#8221;][vc_column width=&#8221;1\/2&#8243; disable_custom_paddings_mobile=&#8221;true&#8221;][vc_single_image image=&#8221;1063&#8243; img_size=&#8221;large&#8221; alignment=&#8221;center&#8221; onclick=&#8221;custom_link&#8221; css_animation=&#8221;fadeInDown&#8221; link=&#8221;https:\/\/lamatronagrafica.com\/gonzalezcolomer\/codigo-de-barras\/&#8221;][vc_single_image image=&#8221;1079&#8243; img_size=&#8221;large&#8221; alignment=&#8221;center&#8221; onclick=&#8221;custom_link&#8221; css_animation=&#8221;fadeInDown&#8221; link=&#8221;https:\/\/lamatronagrafica.com\/gonzalezcolomer\/surco-nasogeniano&#8221;][\/vc_column][vc_column width=&#8221;1\/2&#8243;][vc_single_image image=&#8221;1075&#8243; img_size=&#8221;large&#8221; alignment=&#8221;center&#8221; onclick=&#8221;custom_link&#8221; css_animation=&#8221;fadeInDown&#8221; link=&#8221;https:\/\/lamatronagrafica.com\/gonzalezcolomer\/labios&#8221;][vc_single_image image=&#8221;1083&#8243; img_size=&#8221;large&#8221; alignment=&#8221;center&#8221; onclick=&#8221;custom_link&#8221; css_animation=&#8221;fadeInDown&#8221; link=&#8221;https:\/\/lamatronagrafica.com\/gonzalezcolomer\/lineas-de-marioneta\/&#8221;][\/vc_column][\/vc_row][vc_row full_width=&#8221;stretch_row&#8221; gap=&#8221;15&#8243; equal_height=&#8221;yes&#8221; content_placement=&#8221;middle&#8221; css_animation=&#8221;none&#8221; css=&#8221;.vc_custom_1696102282390{margin-bottom: 0px !important;padding-top: 15px !important;padding-bottom: 15px !important;background-color: #000000 !important;background-position: center !important;background-repeat: no-repeat !important;background-size: cover !important;}&#8221; el_class=&#8221;st-hero&#8221;][vc_column width=&#8221;1\/4&#8243; offset=&#8221;vc_col-lg-4&#8243;][vc_custom_heading text=&#8221;ESPECIALISTAS EN<br \/>\nEST\u00c9TICA FACIAL&#8221; font_container=&#8221;tag:h2|font_size:28|text_align:left|color:%23ffffff|line_height:1&#8243; use_theme_fonts=&#8221;yes&#8221;][\/vc_column][vc_column width=&#8221;1\/2&#8243; offset=&#8221;vc_col-lg-5&#8243;][vc_column_text css_animation=&#8221;none&#8221; el_class=&#8221;line-before-text&#8221;]<\/p>\n<div class=\"styled-subtitle\" style=\"overflow-wrap: break-word; max-width: 610px; text-align: center;\"><span style=\"color: #ffffff;\">En Gonz\u00e1lez Colomer te sentir\u00e1s como en casa, nada nos gusta m\u00e1s que una buena sonrisa, tu sonrisa<\/span><\/div>\n<p>[\/vc_column_text][\/vc_column][vc_column width=&#8221;1\/4&#8243; offset=&#8221;vc_col-lg-3&#8243;]<style type=\"text\/css\">.thegem-button-69f739f8df0d29382 .gem-button svg {fill: #000000;}.thegem-button-69f739f8df0d29382 .gem-button:hover svg {fill: #ffffff;}<\/style><div class=\"gem-button-container gem-button-position-center thegem-button-69f739f8df0d29382    \"  ><a class=\"gem-button gem-button-size-medium gem-button-style-flat gem-button-text-weight-thin\" data-ll-effect=\"drop-right-without-wrap\" style=\"border-radius: 25px;background-color: #ffffff;color: #000000;\" onmouseleave=\"this.style.backgroundColor='#ffffff';this.style.color='#000000';\" onmouseenter=\"this.style.backgroundColor='#9e9e9e';this.style.color='#ffffff';\" href=\"\" target=\"_self\">\u00a1 PIDE TU CITA !<\/a><\/div> [\/vc_column][\/vc_row]<\/p>\n<\/section>","protected":false},"excerpt":{"rendered":"<p>[vc_row full_width=&#8221;stretch_row_content&#8221; gap=&#8221;20&#8243; full_height=&#8221;yes&#8221; columns_placement=&#8221;bottom&#8221; content_placement=&#8221;bottom&#8221; video_background_type=&#8221;self&#8221; video_background_play_on_mobile=&#8221;true&#8221; css=&#8221;.vc_custom_1696103251255{margin-bottom: 0px !important;padding-bottom: 0px !important;background-color: #ffffff !important;background-position: center !important;background-repeat: no-repeat !important;background-size: cover&#8230;<\/p>\n","protected":false},"author":1,"featured_media":0,"parent":0,"menu_order":0,"comment_status":"closed","ping_status":"closed","template":"","meta":{"footnotes":""},"class_list":["post-3591","page","type-page","status-publish"],"_links":{"self":[{"href":"https:\/\/lamatronagrafica.com\/gonzalezcolomer\/wp-json\/wp\/v2\/pages\/3591","targetHints":{"allow":["GET"]}}],"collection":[{"href":"https:\/\/lamatronagrafica.com\/gonzalezcolomer\/wp-json\/wp\/v2\/pages"}],"about":[{"href":"https:\/\/lamatronagrafica.com\/gonzalezcolomer\/wp-json\/wp\/v2\/types\/page"}],"author":[{"embeddable":true,"href":"https:\/\/lamatronagrafica.com\/gonzalezcolomer\/wp-json\/wp\/v2\/users\/1"}],"replies":[{"embeddable":true,"href":"https:\/\/lamatronagrafica.com\/gonzalezcolomer\/wp-json\/wp\/v2\/comments?post=3591"}],"version-history":[{"count":9,"href":"https:\/\/lamatronagrafica.com\/gonzalezcolomer\/wp-json\/wp\/v2\/pages\/3591\/revisions"}],"predecessor-version":[{"id":3629,"href":"https:\/\/lamatronagrafica.com\/gonzalezcolomer\/wp-json\/wp\/v2\/pages\/3591\/revisions\/3629"}],"wp:attachment":[{"href":"https:\/\/lamatronagrafica.com\/gonzalezcolomer\/wp-json\/wp\/v2\/media?parent=3591"}],"curies":[{"name":"wp","href":"https:\/\/api.w.org\/{rel}","templated":true}]}}