{"id":3632,"date":"2023-10-03T11:07:31","date_gmt":"2023-10-03T11:07:31","guid":{"rendered":"https:\/\/lamatronagrafica.com\/gonzalezcolomer\/?page_id=3632"},"modified":"2023-10-03T11:08:46","modified_gmt":"2023-10-03T11:08:46","slug":"equipo","status":"publish","type":"page","link":"https:\/\/lamatronagrafica.com\/gonzalezcolomer\/equipo\/","title":{"rendered":"EQUIPO"},"content":{"rendered":"<section class=\"wpb-content-wrapper\"><p>[vc_row full_width=&#8221;stretch_row&#8221; gap=&#8221;20&#8243; content_placement=&#8221;middle&#8221; css=&#8221;.vc_custom_1696331224862{margin-bottom: 0px !important;padding-top: 100px !important;padding-bottom: 0px !important;background-color: #000000 !important;background-position: center !important;background-repeat: no-repeat !important;background-size: cover !important;}&#8221; custom_css_code=&#8221;LmN1c3RvbS1kaXZpZGVyJTdCJTBBJTIwJTIwJTIwJTIwd2lkdGglM0ElMjAzOHB4JTNCJTBBJTdEJTBBJTQwbWVkaWElMjAlMjhtYXgtd2lkdGglM0ElMjAzMzBweCUyOSU3QiUwQSUyMCUyMCUyMCUyMC50aXRsZS14bGFyZ2UlMjAlN0IlMEElMjAlMjAlMjAlMjAlMjAlMjAlMjAlMjBmb250LXNpemUlM0ElMjAzNHB4JTNCJTBBJTIwJTIwJTIwJTIwJTdEJTBBJTdE&#8221;][vc_column width=&#8221;1\/4&#8243; disable_custom_paddings_mobile=&#8221;true&#8221;][\/vc_column][vc_column width=&#8221;1\/2&#8243;][vc_custom_heading text=&#8221;EQUIPO GONZ\u00c1LEZ COLOMER&#8221; font_container=&#8221;tag:h2|font_size:28|text_align:center|color:%23ffffff|line_height:1&#8243; use_theme_fonts=&#8221;yes&#8221;][vc_column_text]<\/p>\n<p style=\"text-align: center;\"><span style=\"color: #ffffff;\">Nuestro equipo de profesionales, formado por odont\u00f3logos generales, auxiliares e higienistas bucodentales, especialistas en la rama de la ortodoncia, endodoncia e implantolog\u00eda, contribuir\u00e1n a que el paso del paciente por el Centro cuente con todas las atenciones y garant\u00edas que merece.<\/span><\/p>\n<p>[\/vc_column_text][\/vc_column][vc_column width=&#8221;1\/4&#8243;][\/vc_column][\/vc_row][vc_row full_width=&#8221;stretch_row&#8221; gap=&#8221;20&#8243; content_placement=&#8221;middle&#8221; css=&#8221;.vc_custom_1696330845462{margin-bottom: 0px !important;padding-bottom: 0px !important;background-color: #000000 !important;background-position: center !important;background-repeat: no-repeat !important;background-size: cover !important;}&#8221; custom_css_code=&#8221;LmN1c3RvbS1kaXZpZGVyJTdCJTBBJTIwJTIwJTIwJTIwd2lkdGglM0ElMjAzOHB4JTNCJTBBJTdEJTBBJTQwbWVkaWElMjAlMjhtYXgtd2lkdGglM0ElMjAzMzBweCUyOSU3QiUwQSUyMCUyMCUyMCUyMC50aXRsZS14bGFyZ2UlMjAlN0IlMEElMjAlMjAlMjAlMjAlMjAlMjAlMjAlMjBmb250LXNpemUlM0ElMjAzNHB4JTNCJTBBJTIwJTIwJTIwJTIwJTdEJTBBJTdE&#8221;][vc_column width=&#8221;1\/3&#8243; disable_custom_paddings_mobile=&#8221;true&#8221;][vc_single_image image=&#8221;1043&#8243; img_size=&#8221;large&#8221; alignment=&#8221;center&#8221; onclick=&#8221;custom_link&#8221; css_animation=&#8221;fadeInDown&#8221; link=&#8221;https:\/\/lamatronagrafica.com\/gonzalezcolomer\/codigo-de-barras\/&#8221;][\/vc_column][vc_column width=&#8221;1\/3&#8243;][vc_single_image image=&#8221;1040&#8243; img_size=&#8221;large&#8221; alignment=&#8221;center&#8221; onclick=&#8221;custom_link&#8221; css_animation=&#8221;fadeInDown&#8221; link=&#8221;https:\/\/lamatronagrafica.com\/gonzalezcolomer\/labios&#8221;][\/vc_column][vc_column width=&#8221;1\/3&#8243;][vc_single_image image=&#8221;1048&#8243; img_size=&#8221;large&#8221; alignment=&#8221;center&#8221; onclick=&#8221;custom_link&#8221; css_animation=&#8221;fadeInDown&#8221; link=&#8221;https:\/\/lamatronagrafica.com\/gonzalezcolomer\/labios&#8221;][\/vc_column][\/vc_row][vc_row full_width=&#8221;stretch_row&#8221; gap=&#8221;20&#8243; content_placement=&#8221;middle&#8221; css=&#8221;.vc_custom_1696330850558{margin-bottom: 0px !important;padding-bottom: 0px !important;background-color: #000000 !important;background-position: center !important;background-repeat: no-repeat !important;background-size: cover !important;}&#8221; custom_css_code=&#8221;LmN1c3RvbS1kaXZpZGVyJTdCJTBBJTIwJTIwJTIwJTIwd2lkdGglM0ElMjAzOHB4JTNCJTBBJTdEJTBBJTQwbWVkaWElMjAlMjhtYXgtd2lkdGglM0ElMjAzMzBweCUyOSU3QiUwQSUyMCUyMCUyMCUyMC50aXRsZS14bGFyZ2UlMjAlN0IlMEElMjAlMjAlMjAlMjAlMjAlMjAlMjAlMjBmb250LXNpemUlM0ElMjAzNHB4JTNCJTBBJTIwJTIwJTIwJTIwJTdEJTBBJTdE&#8221;][vc_column width=&#8221;1\/3&#8243; disable_custom_paddings_mobile=&#8221;true&#8221;][vc_single_image image=&#8221;1042&#8243; img_size=&#8221;large&#8221; alignment=&#8221;center&#8221; onclick=&#8221;custom_link&#8221; css_animation=&#8221;fadeInDown&#8221; link=&#8221;https:\/\/lamatronagrafica.com\/gonzalezcolomer\/surco-nasogeniano&#8221;][\/vc_column][vc_column width=&#8221;1\/3&#8243;][vc_single_image image=&#8221;1044&#8243; img_size=&#8221;large&#8221; alignment=&#8221;center&#8221; onclick=&#8221;custom_link&#8221; css_animation=&#8221;fadeInDown&#8221; link=&#8221;https:\/\/lamatronagrafica.com\/gonzalezcolomer\/labios&#8221;][\/vc_column][vc_column width=&#8221;1\/3&#8243;][vc_single_image image=&#8221;1041&#8243; img_size=&#8221;large&#8221; alignment=&#8221;center&#8221; onclick=&#8221;custom_link&#8221; css_animation=&#8221;fadeInDown&#8221; link=&#8221;https:\/\/lamatronagrafica.com\/gonzalezcolomer\/labios&#8221;][\/vc_column][\/vc_row][vc_row full_width=&#8221;stretch_row&#8221; gap=&#8221;20&#8243; content_placement=&#8221;middle&#8221; css=&#8221;.vc_custom_1696330850558{margin-bottom: 0px !important;padding-bottom: 0px !important;background-color: #000000 !important;background-position: center !important;background-repeat: no-repeat !important;background-size: cover !important;}&#8221; custom_css_code=&#8221;LmN1c3RvbS1kaXZpZGVyJTdCJTBBJTIwJTIwJTIwJTIwd2lkdGglM0ElMjAzOHB4JTNCJTBBJTdEJTBBJTQwbWVkaWElMjAlMjhtYXgtd2lkdGglM0ElMjAzMzBweCUyOSU3QiUwQSUyMCUyMCUyMCUyMC50aXRsZS14bGFyZ2UlMjAlN0IlMEElMjAlMjAlMjAlMjAlMjAlMjAlMjAlMjBmb250LXNpemUlM0ElMjAzNHB4JTNCJTBBJTIwJTIwJTIwJTIwJTdEJTBBJTdE&#8221;][vc_column width=&#8221;1\/3&#8243; disable_custom_paddings_mobile=&#8221;true&#8221;][vc_single_image image=&#8221;1046&#8243; img_size=&#8221;large&#8221; alignment=&#8221;center&#8221; onclick=&#8221;custom_link&#8221; css_animation=&#8221;fadeInDown&#8221; link=&#8221;https:\/\/lamatronagrafica.com\/gonzalezcolomer\/surco-nasogeniano&#8221;][\/vc_column][vc_column width=&#8221;1\/3&#8243;][vc_single_image image=&#8221;1047&#8243; img_size=&#8221;large&#8221; alignment=&#8221;center&#8221; onclick=&#8221;custom_link&#8221; css_animation=&#8221;fadeInDown&#8221; link=&#8221;https:\/\/lamatronagrafica.com\/gonzalezcolomer\/labios&#8221;][\/vc_column][vc_column width=&#8221;1\/3&#8243;][vc_single_image image=&#8221;1045&#8243; img_size=&#8221;large&#8221; alignment=&#8221;center&#8221; onclick=&#8221;custom_link&#8221; css_animation=&#8221;fadeInDown&#8221; link=&#8221;https:\/\/lamatronagrafica.com\/gonzalezcolomer\/labios&#8221;][\/vc_column][\/vc_row][vc_row full_width=&#8221;stretch_row&#8221; gap=&#8221;15&#8243; equal_height=&#8221;yes&#8221; content_placement=&#8221;middle&#8221; css_animation=&#8221;none&#8221; css=&#8221;.vc_custom_1696102282390{margin-bottom: 0px !important;padding-top: 15px !important;padding-bottom: 15px !important;background-color: #000000 !important;background-position: center !important;background-repeat: no-repeat !important;background-size: cover !important;}&#8221; el_class=&#8221;st-hero&#8221;][vc_column width=&#8221;1\/4&#8243; offset=&#8221;vc_col-lg-4&#8243;][vc_custom_heading text=&#8221;ESPECIALISTAS EN<br \/>\nIMPLANTOLOG\u00cdA&#8221; font_container=&#8221;tag:h2|font_size:28|text_align:left|color:%23ffffff|line_height:1&#8243; use_theme_fonts=&#8221;yes&#8221;][\/vc_column][vc_column width=&#8221;1\/2&#8243; offset=&#8221;vc_col-lg-5&#8243;][vc_column_text css_animation=&#8221;none&#8221; el_class=&#8221;line-before-text&#8221;]<\/p>\n<div class=\"styled-subtitle\" style=\"overflow-wrap: break-word; max-width: 610px; text-align: center;\"><span style=\"color: #ffffff;\">En Gonz\u00e1lez Colomer te sentir\u00e1s como en casa, nada nos gusta m\u00e1s que una buena sonrisa, tu sonrisa<\/span><\/div>\n<p>[\/vc_column_text][\/vc_column][vc_column width=&#8221;1\/4&#8243; offset=&#8221;vc_col-lg-3&#8243;]<style type=\"text\/css\">.thegem-button-69f739b781c371175 .gem-button svg {fill: #000000;}.thegem-button-69f739b781c371175 .gem-button:hover svg {fill: #ffffff;}<\/style><div class=\"gem-button-container gem-button-position-center thegem-button-69f739b781c371175    \"  ><a class=\"gem-button gem-button-size-medium gem-button-style-flat gem-button-text-weight-thin\" data-ll-effect=\"drop-right-without-wrap\" style=\"border-radius: 25px;background-color: #ffffff;color: #000000;\" onmouseleave=\"this.style.backgroundColor='#ffffff';this.style.color='#000000';\" onmouseenter=\"this.style.backgroundColor='#9e9e9e';this.style.color='#ffffff';\" href=\"\" target=\"_self\">\u00a1 PIDE TU CITA !<\/a><\/div> [\/vc_column][\/vc_row]<\/p>\n<\/section>","protected":false},"excerpt":{"rendered":"<p>[vc_row full_width=&#8221;stretch_row&#8221; gap=&#8221;20&#8243; content_placement=&#8221;middle&#8221; css=&#8221;.vc_custom_1696331224862{margin-bottom: 0px !important;padding-top: 100px !important;padding-bottom: 0px !important;background-color: #000000 !important;background-position: center !important;background-repeat: no-repeat !important;background-size: cover !important;}&#8221; custom_css_code=&#8221;LmN1c3RvbS1kaXZpZGVyJTdCJTBBJTIwJTIwJTIwJTIwd2lkdGglM0ElMjAzOHB4JTNCJTBBJTdEJTBBJTQwbWVkaWElMjAlMjhtYXgtd2lkdGglM0ElMjAzMzBweCUyOSU3QiUwQSUyMCUyMCUyMCUyMC50aXRsZS14bGFyZ2UlMjAlN0IlMEElMjAlMjAlMjAlMjAlMjAlMjAlMjAlMjBmb250LXNpemUlM0ElMjAzNHB4JTNCJTBBJTIwJTIwJTIwJTIwJTdEJTBBJTdE&#8221;][vc_column&#8230;<\/p>\n","protected":false},"author":1,"featured_media":0,"parent":0,"menu_order":0,"comment_status":"closed","ping_status":"closed","template":"","meta":{"footnotes":""},"class_list":["post-3632","page","type-page","status-publish"],"_links":{"self":[{"href":"https:\/\/lamatronagrafica.com\/gonzalezcolomer\/wp-json\/wp\/v2\/pages\/3632","targetHints":{"allow":["GET"]}}],"collection":[{"href":"https:\/\/lamatronagrafica.com\/gonzalezcolomer\/wp-json\/wp\/v2\/pages"}],"about":[{"href":"https:\/\/lamatronagrafica.com\/gonzalezcolomer\/wp-json\/wp\/v2\/types\/page"}],"author":[{"embeddable":true,"href":"https:\/\/lamatronagrafica.com\/gonzalezcolomer\/wp-json\/wp\/v2\/users\/1"}],"replies":[{"embeddable":true,"href":"https:\/\/lamatronagrafica.com\/gonzalezcolomer\/wp-json\/wp\/v2\/comments?post=3632"}],"version-history":[{"count":11,"href":"https:\/\/lamatronagrafica.com\/gonzalezcolomer\/wp-json\/wp\/v2\/pages\/3632\/revisions"}],"predecessor-version":[{"id":3643,"href":"https:\/\/lamatronagrafica.com\/gonzalezcolomer\/wp-json\/wp\/v2\/pages\/3632\/revisions\/3643"}],"wp:attachment":[{"href":"https:\/\/lamatronagrafica.com\/gonzalezcolomer\/wp-json\/wp\/v2\/media?parent=3632"}],"curies":[{"name":"wp","href":"https:\/\/api.w.org\/{rel}","templated":true}]}}